 3*d**3 - 14*d**2 - 6*d - 31. Let w be j(6). Suppose -4*s = -s - 33. What is the greatest common factor of s and w?
11
Suppose -6*v - 74 = -212. Calculate the greatest common factor of v and 1679.
23
Let m = 39 - 36. Suppose -5*h - 40 = -7*l + 3*l, 5*l - m*h - 50 = 0. Calculate the highest common factor of l and 25.
5
Let u(q) = -q**2 + 9*q + 38. Let l be u(11). Let f(k) = 8 - 9*k - 7*k - 8*k. Let d be f(-7). Calculate the greatest common divisor of d and l.
16
Let a(t) = -2*t + 35. Let l be a(16). Suppose 22 = -g + l*g. Calculate the greatest common factor of g and 77.
11
Suppose -3*x + 20 + 160 = 0. What is the greatest common divisor of 260 and x?
20
Let z(h) be the first derivative of h**4/4 + 19*h**3/3 - 3*h**2/2 - 2*h - 14. Let b be z(-19). What is the highest common factor of b and 5?
5
Let c = 1617 - 1498. What is the greatest common divisor of 35 and c?
7
Suppose -32*n = -323 - 445. Calculate the highest common factor of 78 and n.
6
Suppose 14*m - 2*g - 29 = 13*m, 0 = -3*m - 3*g + 78. Let s(j) = j**3 + 15*j**2 + 13*j - 11. Let q be s(-14). What is the greatest common factor of q and m?
3
Suppose 4*s + 2*d = 11916, 127*s - 130*s - 3*d + 8931 = 0. What is the highest common factor of 11 and s?
11
Let f be 12*((-63)/(-9) - 6/2). Suppose 2*z + f = 8*z. Calculate the highest common divisor of 12 and z.
4
Suppose 4*p + 2*b - 1464 = 0, -5*b = -p + 481 - 137. Calculate the highest common divisor of 416 and p.
52
Suppose 2*f + 5*m = 5, 5*f - 5*m - 53 = -4*m. Calculate the greatest common factor of 5 and f.
5
Let r be (2 + 57 + 0 - -3) + 3. Let c be ((-61)/(-5) - -1)/(13/r). Calculate the greatest common factor of c and 99.
33
Let d = 374 - 302. Let a be (-2 + 12)/1 + -2. What is the highest common factor of d and a?
8
Let o = 870 + -157. Calculate the highest common factor of o and 23.
23
Let z(t) = -t**3 - 2*t**2 + 9*t + 6. Suppose 16*j - 17*j - 5 = 0. Let l be z(j). What is the greatest common divisor of l and 12?
12
Suppose 2*j + 0*j = 94. Let o = j + -32. Suppose -5*p + 3*i = -825, -3*p - 2*i + 495 = -4*i. What is the greatest common divisor of o and p?
15
Let d = 72 + -60. Let a be (-154)/(-33)*3*6. Calculate the greatest common factor of d and a.
12
Let c(i) = i**3 + 8*i**2 + 3*i + 4. Let h be c(-7). Let d = -57 + 105. Calculate the highest common divisor of h and d.
16
Let r be -3*80/(-15) - -3*1. What is the greatest common factor of 19 and r?
19
Suppose -499 = t - 533. What is the highest common divisor of t and 85?
17
Let b(q) = -29*q - 3. Let p be b(-15). What is the greatest common divisor of 16 and p?
16
Suppose -5*y + y + 16 = 0. Suppose -2*r + y*v = r - 25, 2*v + 37 = 5*r. What is the greatest common factor of r and 42?
7
Let a(u) = 3*u - 17. Let w = 8 + -1. Let f be a(w). Suppose 5*c + 3*i - 8*i - 40 = 0, 2*i + f = 0. Calculate the greatest common divisor of 6 and c.
6
Let d = 164 + 20. What is the highest common divisor of 23 and d?
23
Let f be -5 - (-85 + 0/(-2)). Calculate the greatest common factor of 15 and f.
5
Let v be 3/(-12) - 85/(-4). Suppose 4*h - 18 = 138. Let a be 123/h - (-8)/(-52). What is the greatest common divisor of v and a?
3
Let o = 555 + -546. What is the greatest common divisor of o and 15?
3
Let o = 146 - 136. What is the highest common factor of 160 and o?
10
Let s = -90 + 186. Suppose 0 = -3*y + 20 + 37. Let l = 43 - y. What is the greatest common factor of s and l?
24
Let k = 10 - 69. Let u = 18 - k. What is the greatest common factor of u and 7?
7
Suppose -5*i + 4*n = -18, -2*n = n + 6. Suppose i*x = -4 + 20. What is the highest common divisor of 32 and x?
8
Let r be (6/(-1))/((-10)/25). Suppose -4*j - 6*b = -2*b - 408, 5*j + 2*b - 519 = 0. Calculate the highest common divisor of j and r.
15
Let d be (1 - -59)/4*-4. Let q be (-6552)/d + (-1)/5. Let x = q - 21. Calculate the greatest common divisor of x and 11.
11
Let q be 1794 + 1 - 39/(-13) - -2. Suppose -65*v + 60*v = -q. Calculate the highest common divisor of v and 40.
40
Let x be (-4)/20 - (-32)/10. Suppose -x*i + 0 = -6. Suppose -4*s + 522 = -i*y, 4*s = y - 3*y + 534. Calculate the greatest common factor of 12 and s.
12
Let w be (-247)/26 + 10 + 23/2. Let m(b) = 28*b**2 - 2*b. Let n be m(2). Calculate the greatest common divisor of w and n.
12
Let a = -26 + 32. Let c(m) = -m**3 + 7*m**2 + m - 4. Let v be c(a). Calculate the highest common factor of 38 and v.
38
Let j be ((-1)/(-2) - 0)*-2. Suppose 7*z + 3 = 24. Let x be 19 + (z/3)/j. Calculate the highest common factor of 18 and x.
18
Suppose -k = 13 + 2. Let r be (66/k - -2)*-15. Let z = -53 - -107. What is the greatest common divisor of z and r?
18
Suppose 15 = 6*o - 9. Suppose -47 = -p + 3*h, 94 = 2*p - 9*h + o*h. What is the greatest common divisor of 517 and p?
47
Suppose 11*q = 599 - 104. Suppose 3*j + 2*j = q. Let b = 195 + -114. What is the greatest common divisor of b and j?
9
Suppose w - 3*l = 32, -4*w + 7*w - 5*l = 96. What is the highest common factor of w and 1120?
32
Let g be 98/2 + (0 - 0). Let l = -8 + -9. Let t(c) = 3*c + 58. Let f be t(l). What is the highest common factor of g and f?
7
Let t be (-18 + 3)*(-46)/69. Calculate the highest common divisor of 290 and t.
10
Let m(o) = o**2 + 14*o - 111. Let b be m(7). What is the highest common factor of b and 48?
12
Let v(j) = -j**2 - 4*j - 14 - 2*j - 6*j + j. Let d be v(-9). Let k(q) = -q**2 - 11*q - 8. Let l be k(-7). What is the greatest common divisor of d and l?
4
Suppose -4*k - 37 = -13. Let i be 9/k*-34 - 3. Calculate the highest common factor of 12 and i.
12
Let q = 18 + -29. Let v(j) = 2*j + 16. Let o be v(q). Let d(n) = -n**2 - 8*n - 5. Let g be d(o). What is the highest common factor of g and 56?
7
Suppose 14*v - 280 = 19*v. Let c be -25*(v/(-20) + -4). What is the greatest common divisor of 75 and c?
15
Let c be (16/5)/(4/10). Let u be -13 + (c + -2)/(-3). Let o = 21 + u. Calculate the greatest common factor of 30 and o.
6
Let d = 51 - 49. Suppose d*q - r = -2*r, -4*r = q + 7. Calculate the highest common factor of q and 6.
1
Let p be ((-1)/(-1))/((-2)/(-8)). Suppose 9*m = 14*m - 30. Let b be -1 + m/(-3) + -2 + 25. Calculate the greatest common divisor of b and p.
4
Let r be 0 - (-68)/(-6)*(-12)/8. What is the greatest common divisor of 1003 and r?
17
Let r(w) = -w**3 + 9*w**2 - 7*w - 4. Let a = 13 + -5. Let z be r(a). Let d be (-2)/1 + 113 + z. Calculate the highest common factor of d and 46.
23
Suppose 0*f = -3*f + 192. Let r be (-4)/(-22) - f/(-11). Calculate the highest common divisor of r and 12.
6
Let o(p) = 9*p**2 - 14*p + 8. Let t be o(9). Let i = t - 377. Let m = -17 - -43. Calculate the greatest common factor of m and i.
26
Let c be (-2480)/(-25) + 1/(-5). Let a be 35/(-10)*(0 + 2). Let v be 11 + -1 + (-6 - a). Calculate the greatest common factor of v and c.
11
Let i = -36 - -73. Let j = -20 + i. Let d = 163 - 61. Calculate the greatest common factor of j and d.
17
Let d be (-8)/((12/(-20))/3). Let v = 33 + -25. What is the highest common factor of d and v?
8
Suppose 13*f - 36 = 172. Calculate the greatest common divisor of f and 24.
8
Suppose 4*r = -5*o + 33, 3*r + 48 = 6*o + 5*r. What is the highest common divisor of o and 1233?
9
Let v be (-5)/((-10)/9*(-186)/(-248)). Suppose -s = -6*s - 4*d + 10, -2*d = 0. What is the greatest common divisor of v and s?
2
Suppose -5*t - 4*u = -76, -4*t + 34 = 2*u - 22. What is the greatest common factor of 28 and t?
4
Let f = -1111 + 1846. Calculate the greatest common divisor of 525 and f.
105
Suppose -1298*w + 210 = -1293*w. Calculate the greatest common factor of w and 6.
6
Let c = -236 + 240. What is the highest common divisor of 124 and c?
4
Let a = -642 + 698. Calculate the greatest common factor of 32 and a.
8
Let m = 2055 - 1979. Calculate the greatest common factor of 646 and m.
38
Suppose 8*b + 152 - 24 = 0. Let v(i) = 2*i + 41. Let k be v(b). Let z(y) = -y**2 - y + 18. Let t be z(0). Calculate the greatest common divisor of k and t.
9
Suppose 0 = 2*l - 456 - 930. What is the greatest common divisor of l and 18?
9
Suppose 0 = -2*u + 4*w + 410, 5*u + w = -3*w + 1039. Calculate the highest common factor of 345 and u.
69
Let v = 1828 + -1698. Calculate the highest common factor of 100 and v.
10
Let i(h) be the second derivative of h**5/20 + 5*h**3/6 - 2*h**2 -